r - r. Let x be (-28)/r*(6 + 0). Suppose x*m - 135 = 3*m. List the prime factors of m.
3
Let i(w) = -2*w**2 - 15*w - 4. Let o be i(-7). Suppose -2*a + 4*u + 262 = 0, -o*a - 2*u + 402 = u. List the prime factors of a.
7, 19
Let z be (12/(-10))/((-4)/10). Suppose -20 - 4 = -4*b. Suppose z*d - 4*d + b = 0. What are the prime factors of d?
2, 3
Let k(v) = -v**2 - 14*v + 2. Let g be k(-13). Let d be 24/g*5/2. Suppose d*f - 5 - 103 = 0. What are the prime factors of f?
3
Suppose 2*g - 11 + 1 = 0. Suppose 0*n + 3*n = 2*u - 22, g*n - 22 = -2*u. List the prime factors of u.
11
Let w be 9/15 - (-2274)/10. Suppose -4*o + 3*g = o - 226, -5*o + 4*g = -w. Let i = 74 - o. List the prime factors of i.
2, 3, 5
Let o = -68 - -56. List the prime factors of (-2)/(4/(o/3)).
2
What are the prime factors of (-8328)/(-9)*48/32?
2, 347
Suppose -32*c = -31*c - 2. Suppose 4*j = -3*g + 38, -13 = -j + c*g + 2. List the prime factors of j.
11
Let t(n) = 1355*n - 80. What are the prime factors of t(3)?
5, 797
Let z(c) be the first derivative of 26*c**2 - 6*c + 27. What are the prime factors of z(4)?
2, 101
Let f(n) = n**3 + 10*n**2 + 12*n + 9. List the prime factors of f(-8).
41
Suppose 2*y - 6*y = 0. Suppose -4*s + 316 = 4*k, 367 = 5*s - 2*k - y*k. List the prime factors of s.
3, 5
Let q(b) = -5*b**3 - 4*b**2 - 4*b + 4. Let d be 4/5*(-3)/(21/35). List the prime factors of q(d).
2, 3, 23
Let i be (-20)/2*(12 + -15). Let t = i - 29. Suppose -3*l + 5*p - 13 = t, 5*l - 30 = -5*p. List the prime factors of l.
2
Let s be 87/21 - (-3)/(-21). Suppose -3*x = s*v - 180, 2*v + 274 = 5*x - 0*x. List the prime factors of x.
2, 7
Suppose 70*q = 152*q - 382694. What are the prime factors of q?
13, 359
Let m(n) = -6*n + 5*n + 34 - 8*n - n. List the prime factors of m(-8).
2, 3, 19
Suppose -g + 6*t + 991 = 2*t, 2*t + 5009 = 5*g. What are the prime factors of g?
17, 59
Let c be ((-16)/6)/(10/(-45)). Let z(y) = y**3 - 11*y**2 - 8*y - 9. Let m be z(c). Let w = -17 + m. List the prime factors of w.
2, 11
Suppose -4*y + x = -3345, 22*x = 2*y + 25*x - 1655. What are the prime factors of y?
5, 167
What are the prime factors of (-27876)/(-22) + 19/(-209)?
7, 181
Suppose -40 = 3*r - 2*n, 2*r = 5*r - n + 35. What are the prime factors of r/(-15) + 320/6?
2, 3
Let y = 8406 + -5681. List the prime factors of y.
5, 109
Let r(b) = 32*b**3 - 2*b**2 + 4*b. Suppose -j + 19 - 17 = 0. List the prime factors of r(j).
2
Suppose 2*u = x - 10, x + u = 2*u + 7. Let c be 1/(1*2/x). Let s(d) = 23*d - 6. List the prime factors of s(c).
2, 5
Let q be (-9)/(-18)*46*1. Let d be -6 + 4 + (-105)/(-1). Suppose q = -4*k + d. List the prime factors of k.
2, 5
Suppose -4*l - 4*k = -k + 352, -3*k + 352 = -4*l. Let h be l/(-2) + (-4)/2. Suppose -d + h = d. List the prime factors of d.
3, 7
Let h(x) = 74*x**2 + 5*x + 4. Let p be 2/(-12) - ((-75)/18)/(-5). List the prime factors of h(p).
73
Let y = 1472 + -695. What are the prime factors of y?
3, 7, 37
Suppose -4*f + s = 38, -f + 2*s = 3*s + 7. Let o = f + 15. Suppose -x + o = -5*i + 36, -2*i - x = -5. List the prime factors of i.
5
Let r be 150/45*(-6)/4. Let v(a) be the first derivative of a**4/4 + 5*a**3/3 - 3*a**2/2 - a - 2. What are the prime factors of v(r)?
2, 7
Let n = 0 + 2. Let h(x) = -2*x - 6 + x**n - x + 2*x. List the prime factors of h(-5).
2, 3
Let m = -3 - -123. Suppose -108 = -3*f + m. What are the prime factors of f?
2, 19
Suppose -2*a = a + 12. List the prime factors of 3090/34 - a/34.
7, 13
Let p(o) = o**3 + 126. Let s = 144 - 144. List the prime factors of p(s).
2, 3, 7
Let l = -557 + 1187. List the prime factors of l.
2, 3, 5, 7
Let o(s) = 7*s**2 + 7*s + 11. Let z(k) = -8*k**2 - 7*k - 11. Let y(i) = 6*o(i) + 5*z(i). List the prime factors of y(-4).
3, 5
Let a = 1037 - -33. List the prime factors of a.
2, 5, 107
Let x be (-54)/(3*2/(-9)). Suppose -5*l + 25 = 0, -2*t - 5*l = 30 - x. Let k = t - 9. List the prime factors of k.
2
Let c(w) = w**2 - 8*w + 3. Let i be c(7). Let o(k) = k**3 - 6*k**2 + 4*k + 4. Let b be o(5). What are the prime factors of (b - i) + (1 - 1)?
3
Let d = 13 + -13. Suppose 3*o + 6 = d, 4*o + 8 = 2*w + 2*o. List the prime factors of (-11)/3*(w + -5).
11
Let y(c) = 27*c**2 - 10*c - 12. List the prime factors of y(-4).
2, 5, 23
Suppose 9*h - 519 - 912 = 0. What are the prime factors of h?
3, 53
Let p(h) = 2*h**2 + h - 5. Let z(g) = 5*g**2 + 3*g - 11. Let k(r) = -7*p(r) + 3*z(r). List the prime factors of k(0).
2
What are the prime factors of 2*(-2 + 19)*8?
2, 17
Suppose 37*v - 39*v + 1780 = 0. List the prime factors of v.
2, 5, 89
Suppose -9*t = -8*t + 4, -4*h + 1788 = 2*t. List the prime factors of h.
449
Suppose -8 = -2*z, 4*l = -0*l + 3*z + 3144. List the prime factors of l.
3, 263
Let b be 127 + 0*(-4)/(1 + -5). Suppose 8*k - 9*k = -b. What are the prime factors of k?
127
Let k = 1294 - 922. What are the prime factors of k?
2, 3, 31
Suppose 81*h = 90*h - 846. List the prime factors of h.
2, 47
Let q be -8*(-1 + 39/(-12)). Suppose h - 4*h + 3 = 0. Let t = h + q. What are the prime factors of t?
5, 7
Let t be (36/(-45))/((-6)/(-435)). Let k = -5 - t. List the prime factors of k.
53
Suppose -3759 = 13*r - 12235. List the prime factors of r.
2, 163
Let q(u) = 3*u**2 - 9*u - 262. What are the prime factors of q(-13)?
2, 181
List the prime factors of 24/18*4938/4.
2, 823
Let g be ((-12)/(-10))/((-10)/275). Let r = -18 + 82. Let a = r + g. List the prime factors of a.
31
Suppose 154 = -3*a + 4*a - q, 2*a - 4*q = 318. List the prime factors of a.
149
Let i = -1 - -1. Suppose 8*a - 13*a + 380 = i. Suppose -5*q - 4*d - d = -205, 0 = -2*q + 4*d + a. What are the prime factors of q?
2, 5
Suppose -2*z = 393 - 95. Let u = z - -208. What are the prime factors of u?
59
Suppose -3*j = h + 59, 5*h - h + 5*j + 229 = 0. Let l = h + 70. What are the prime factors of l?
2, 7
Let w be 4 + (2 - 1 - 2). Suppose -53 = -w*h - 3*v + 154, 3*h + 4*v = 203. List the prime factors of h.
73
Suppose 2167 + 230 = 5*z - 2*o, 0 = 2*z + 4*o - 978. List the prime factors of z.
13, 37
Let i(q) = 10*q + 1. Let a(b) = -b**2 - 6*b - 4. Let o be a(-5). Let k be i(o). List the prime factors of (-831)/(-33) - 2/k.
5
Suppose -2*o + 3*j = -2387, -o + 7*j + 1221 = 11*j. What are the prime factors of o?
1201
Let y(g) = -g**3 - 5*g**2 - 6*g - 4. Let h be y(-5). Let m = h - 22. Suppose q - 30 = -s, -3*q = -m*q - 3. What are the prime factors of s?
3, 11
What are the prime factors of ((-33885)/90)/(3/(-6))?
3, 251
Suppose 6*k - 3*k = 114. Let p be 4/14 - k/(-14). Suppose -p*y = -125 - 4. What are the prime factors of y?
43
Let q = -28 + 32. Suppose 3*g = 4*k + 292, 0 = -q*k + 1 + 7. What are the prime factors of g?
2, 5
Let j be 2 - 2 - (-4 + 1). Suppose 2*w + 58 = 2*k, 0 = -3*k - 0*w - j*w + 57. What are the prime factors of k?
2, 3
Let a(x) = 3*x**2 - x - 14. Let f be a(0). What are the prime factors of (13/(2/2))/((-1)/f)?
2, 7, 13
Let i(z) = -4*z**3 - 3*z**2 - 2*z + 2. Suppose -2*f + 0*x + 4*x = -14, x - 4 = 3*f. What are the prime factors of i(f)?
89
Suppose -3355*v = -3367*v + 43200. What are the prime factors of v?
2, 3, 5
Let z = -741 + 803. List the prime factors of z.
2, 31
Suppose -j - 2*y + 159 = 0, 5*j + 11*y - 811 = 9*y. List the prime factors of j.
163
Suppose -8*m + 16 = -6*m. Suppose -4*b + m*b = -20. Let r(x) = x**2. List the prime factors of r(b).
5
Suppose -5*m - 5 = 0, d - 5 = -3*m - 2. Let i be (-35)/(-15) - 2/d. Suppose 8 = -4*u, -2 = i*b - 5*u - 44. List the prime factors of b.
2
Suppose 4*x = 3*x - 5, -3700 = -3*l + 2*x. What are the prime factors of l?
2, 3, 5, 41
Let h(v) = v**3 + 19*v**2 + 19*v + 19. Let b be h(-18). What are the prime factors of (-1)/(b + (-420)/416)?
2, 13
Let r be (28/(-8)*-4)/2. Suppose -s + 6 = r. List the prime factors of s/((-4)/(42 + 2)).
11
Suppose 2*i + 6 = -2, 3*i = -5*d + 4028. What are the prime factors of d?
2, 101
Let y(h) = -h**2 - 12*h + 18. Let x = -7 - 6. Let v be y(x). Suppose 259 = v*a + 2*n, -268 = -0*a - 5*a + n. List the prime factors of a.
53
Suppose 0*a + 4*a - 3*x = -22, 0 = 2*a + x + 6. List the prime factors of 475/4 - a/16.
7, 17
Let c be 2/(-9) - (-490)/18. Let j be (0 + 9)*18/c. Suppose j*o - o - 185 = 0. List the prime factors of o.
37
Suppose w - 4*z + 9 = 0, -2*z + 0*z + 9 = -w. Let d be -3*8/(-84) + (-40)